2 - 4*s + 1. What is j(-3)?
-14
Let u(z) = -7*z + 131. Calculate u(19).
-2
Let p(f) = f**3 + 6*f**2 - 4*f - 9. Calculate p(-7).
-30
Let a(o) = -8*o - 35. What is a(-4)?
-3
Let v(a) = -a**3 - 15*a**2 - 4*a - 65. Calculate v(-15).
-5
Let x(w) = 2*w - 12. Determine x(0).
-12
Let t(f) = f + 32. What is t(6)?
38
Let j(t) = -4*t**2 + 29*t + 3. Calculate j(7).
10
Let v(j) = 3*j**2 + j - 7. Calculate v(3).
23
Let q(u) = -u**2 + u - 19. Determine q(0).
-19
Let l(h) = h + 17. Calculate l(-28).
-11
Let q(c) = 2*c - 11. Determine q(5).
-1
Let c(a) = -a**2 - 22*a - 114. Determine c(-12).
6
Let f(w) = -2*w**2 - 27*w + 39. Determine f(-15).
-6
Let l(b) = -b**3 - 7*b**2 + 16*b - 13. Give l(-9).
5
Let a(u) = -2*u**2 - 7*u - 9. What is a(-5)?
-24
Let h(j) = -6*j + 71. Give h(10).
11
Let k(q) = -4*q + 19. Calculate k(6).
-5
Let y(s) = 3*s + 2. Determine y(-2).
-4
Let a(h) = 12*h + 46. Calculate a(-7).
-38
Let s(g) = -g**3 + 5*g**2 - g + 5. What is s(5)?
0
Let m(l) = -2*l**2 - 6*l - 3. Calculate m(-4).
-11
Let h(c) = -c**2 + 4*c + 9. Determine h(5).
4
Let r(g) = -10*g + 26. Give r(5).
-24
Let w(h) = h - 6. Determine w(-2).
-8
Let w(x) = x**3 - x**2 - 23*x + 16. Calculate w(6).
58
Let j(s) = 3*s - 26. Calculate j(14).
16
Let h(a) = a**2 + 9*a - 1. Determine h(-9).
-1
Let t(m) = -18*m + 107. Determine t(6).
-1
Let l(o) = o**3 + 4*o**2 - 13*o - 5. What is l(-6)?
1
Let h(y) = -y + 32. Give h(17).
15
Let p(j) = 2*j**2 + 33*j + 15. What is p(-17)?
32
Let f(y) = 2*y**2 - 3*y - 100. What is f(-7)?
19
Let j(s) = -s**3 + 10*s**2 + 13*s - 20. Give j(11).
2
Let k(m) = -8*m. Determine k(-2).
16
Let k(w) = 3*w**3 + 39*w**2 + 94*w + 42. Determine k(-10).
2
Let t(p) = p**2 - 8*p + 10. Determine t(4).
-6
Let q(p) = -p**3 + 25*p**2 - p + 36. Give q(25).
11
Let k(x) = -x**3 + 17*x**2 + 4*x - 62. What is k(17)?
6
Let t(l) = 31*l - 1. Give t(-1).
-32
Let d(n) = -n**2 - 12*n - 13. Determine d(-9).
14
Let k(f) = -14*f - 86. Give k(6).
-170
Let g(z) = 31*z + 122. Determine g(-4).
-2
Let t(o) = 15*o**3 + 6*o**2 + 7*o. Calculate t(-1).
-16
Let n(u) = u**3 + 6*u**2 - 19*u - 11. Give n(-8).
13
Let j(t) = -2*t**2 - 50*t + 8. Give j(0).
8
Let c(v) = v**3 - 12*v**2 + 2*v + 16. Determine c(12).
40
Let y(q) = q**3 + 4*q**2 - 2*q + 1. Determine y(-4).
9
Let l(j) = j**2 + 25*j + 93. Give l(-5).
-7
Let d(t) = 42*t**2 - 3*t + 1. What is d(-2)?
175
Let c(b) = b**2 + 16*b + 29. Give c(-10).
-31
Let j(k) = -6*k - 8. What is j(7)?
-50
Let i(o) = o - 22. Determine i(25).
3
Let u(c) = 32*c. What is u(1)?
32
Let w(o) = -10*o**3 - o + 2. Calculate w(1).
-9
Let p(n) = -n**2 + n - 21. Calculate p(0).
-21
Let i(q) = 6*q - 58. Calculate i(5).
-28
Let f(t) = -t + 20. Determine f(-6).
26
Let v(a) = -a**2 + 9*a - 14. What is v(3)?
4
Let m(b) = 4*b**2 + 6*b - 1. Determine m(-3).
17
Let h(q) = -5*q + 5. Calculate h(1).
0
Let r(p) = 2*p**3 - p**2 + 6*p + 8. What is r(-1)?
-1
Let c(p) = 10*p - 3. What is c(5)?
47
Let w(k) = 37*k + 554. Determine w(-15).
-1
Let s(m) = 45*m + 303. What is s(-7)?
-12
Let x(s) = -s**2 + s + 1. What is x(1)?
1
Let q(d) = d + 12. Calculate q(-8).
4
Let k(p) = p**2 - 21*p + 36. Determine k(19).
-2
Let l(j) = -j**3 - 9*j**2 - 7*j + 4. Calculate l(-8).
-4
Let x(t) = t**2 + 11*t - 14. Determine x(-13).
12
Let l(i) = 18*i**2 + 129*i + 8. Give l(-7).
-13
Let q(h) = h**2 + 5*h + 2. Give q(-4).
-2
Let v(p) = 2*p**2 - 17*p + 61. Calculate v(8).
53
Let g(n) = n**2 - 11*n + 26. Calculate g(5).
-4
Let f(k) = -k**2 - 6*k - 5. What is f(-3)?
4
Let a(j) = -17*j - 5. Give a(6).
-107
Let b(d) = -4*d**2 - 5*d + 4. Calculate b(1).
-5
Let s(b) = -8*b**2 + b + 4. Calculate s(4).
-120
Let t(x) = 3*x - 2. Determine t(-3).
-11
Let l(b) = 2*b**3 + 32*b**2 - 5*b - 37. Calculate l(-16).
43
Let y(r) = r - 14. Calculate y(10).
-4
Let i(x) = -x**3 + 17*x**2 - 4*x - 29. What is i(17)?
-97
Let n(x) = x**2 + 4. What is n(-5)?
29
Let x(o) = -20*o**3 + o**2 + 2*o - 2. Calculate x(1).
-19
Let q(l) = -4*l - 8. Calculate q(4).
-24
Let u(i) = -11*i + 19. Give u(-6).
85
Let d(n) = -2*n - 13. Calculate d(15).
-43
Let k(w) = -7*w - 35. Give k(-7).
14
Let t(l) = 29*l - 257. What is t(9)?
4
Let a(r) = 2*r**3 + 3*r**2 - r + 1. Give a(2).
27
Let d(t) = -3*t**3 + 58*t**2 + 43*t - 69. What is d(20)?
-9
Let v(k) = -2*k + 11. Determine v(6).
-1
Let a(j) = j**3 - 19*j**2 + 17*j + 29. Determine a(18).
11
Let z(p) = 22*p - 806. Determine z(36).
-14
Let w(b) = -b - 6. Give w(1).
-7
Let o(n) = 2*n - 5. Calculate o(5).
5
Let w(o) = o + 4. Calculate w(11).
15
Let k(g) = -g**3 - 11*g**2 - 6*g + 20. Calculate k(-10).
-20
Let t(f) = -f**3 - 6*f**2 - 11*f - 20. What is t(-5)?
10
Let l(n) = -n**2 + 50*n - 143. Calculate l(47).
-2
Let b(u) = -2*u**2 + u + 8. Determine b(0).
8
Let j(u) = -u**2 + 21*u - 126. Give j(15).
-36
Let d(r) = -r**3 - 6*r**2 - 4*r + 7. Give d(-5).
2
Let x(p) = p - 2. Determine x(8).
6
Let c(p) = p**2 + 6*p - 11. Calculate c(-5).
-16
Let y(q) = -3*q**2 - 35*q + 41. What is y(-13)?
-11
Let v(q) = -q**3 + q**2 + 18*q - 36. Give v(4).
-12
Let k(c) = -c + 25. Calculate k(0).
25
Let h(y) = -y**3 - 18*y**2 - 6*y + 7. Give h(-18).
115
Let n(b) = -6*b**2 - b + 4. What is n(4)?
-96
Let n(y) = -2*y**3 + 18*y**2 - y + 16. Determine n(9).
7
Let d(z) = z**3 - 15*z**2 + 15*z - 4. Determine d(14).
10
Let a(r) = -2*r + 57. Calculate a(21).
15
Let h(v) = -v**3 - 17*v**2 + 22*v + 77. Calculate h(-18).
5
Let f(t) = 6*t + 33. Give f(-6).
-3
Let n(a) = -a**2 - 4*a - 3. Calculate n(-3).
0
Let y(i) = -5*i**2 + 54*i - 2. Give y(11).
-13
Let d(u) = u**3 + 5*u**2 + 3*u + 7. What is d(-5)?
-8
Let q(v) = -34*v**3 - 4*v**2 - 3*v - 1. Calculate q(-1).
32
Let a(w) = w**3 + 11*w**2 - 25*w + 18. Calculate a(-13).
5
Let x(z) = -z + 2. What is x(0)?
2
Let b(q) = q**3 + 2*q**2 + 3*q - 11. Calculate b(0).
-11
Let l(t) = -4*t**2 + 10*t + 13. Determine l(5).
-37
Let w(r) = -2*r**2 - 16*r + 37. Calculate w(-10).
-3
Let c(s) = -s**3 + 10*s**2 - 19*s + 71. Give c(9).
-19
Let d(a) = -4*a**2 + 4. What is d(-3)?
-32
Let d(b) = 5*b - 8. Calculate d(2).
2
Let z(m) = 48*m + 237. Calculate z(-5).
-3
Let h(j) = j**2 + 5*j. Calculate h(-3).
-6
Let p(t) = t**2 - 18*t. What is p(15)?
-45
Let o(f) = f - 11. Give o(5).
-6
Let i(w) = -w**2 - 10*w + 3. Calculate i(-10).
3
Let l(i) = 5*i + 28. Calculate l(-6).
-2
Let v(s) = s**3 + 14*s**2 - 13*s + 38. What is v(-15)?
8
Let d(z) = 6*z + 118. Determine d(-19).
4
Let y(q) = q**2 - 16*q + 53. Give y(6).
-7
Let j(k) = -2*k**3 - 10*k**2 - 14. Give j(-6).
58
Let x(z) = -z**2 - 12*z - 56. What is x(-8)?
-24
Let l(b) = b**3 - 3*b**2 + 6*b - 18. Calculate l(5).
62
Let h(s) = -26*s**2 + 8*s - 13. Calculate h(2).
-101
Let o(x) = -4*x**2 - 68*x + 5. Determine o(-17).
5
Let b(z) = -z**3 + 4*z**2 + 5*z + 6. Calculate b(5).
6
Let w(f) = f**2 + 13*f - 20. Determine w(-14).
-6
Let k(f) = -f**2 + 7*f - 6. What is k(6)?
0
Let x(s) = -9*s + 4. Determine x(3).
-23
Let g(m) = 2*m**2 + 10*m - 13. Give g(-6).
-1
Let z(w) = w**2 - 25*w + 145. What is z(17)?
9
Let r(i) = i. Give r(7).
7
Let m(h) = -h**3 - 8*h**2 + 2. Determine m(-6).
-70
Let c(u) = 6*u - 53. Give c(10).
7
Let o(p) = 10*p - 11. Calculate o(-2).
-31
Let c(t) = -34*t - 19. What is c(-1)?
15
Let x(d) = d**2 + 48*d + 180. What is x(-4)?
4
Let m(z) = z**3 - 23*z**2 - 8*z + 192. Calculate m(23).
8
Let v(z) = -20*z - 16. Determine v(2).
-56
Let z(t) = -t - 3. Calculate z(5).
-8
Let f(d) = d**3 - 14*d**2 - d + 11. Give f(14).
-3
Let b(m) = -21*m - 143. Give b(-7).
4
Let r(a) = -a**2 + 21*a + 37. Give r(23).
-9
Let i(s) = s**3 - 9*s**2 + 2*s - 20. What is i(9)?
-2
Let z(q) = -q**3 - 32*q**2 + 32*q - 55. Determine z(-33).
-22
Let d(q) = q**3 - 13*q**2 + 12*q + 8. What is d(12)?
8
Let w(q) = -q**3 + q**2 + 8*q + 6. Calculate w(-3).
18
Let h(n) = 5*n - 10. What is h(3)?
5
Let j(x) = x**2 + 13*x + 1. Give j(-12).
-11
Let o(f) = -2*f**2 + 24*f - 13. What is o(11)?
9
Let s(g) = -g**2 + 15*g + 1. Give s(19).
-75
Let n(a) = 5*a**2 - 3*a + 1. Give n(2).
15
Let g(w) = -4*w + 1. Determine g(16).
-63
Let v(s) = 11*s - 6. Give v(1).
5
Let b(c) = -c + 10. Give b(16).
-6
Let f(a) = a - 41. Give f(15).
-26
Let y(l) = -55*l**3 - l**2. Determine y(-1).
54
Let v(a) = -a**3 - 14*a**2 - 11*a + 13. What is v(-12)?
-143
Let i(o) = -8*o - 60. Calculate i(-14).
52
Let g(q) = -4*q + 32. Give g(8).
0
Let i(y) = 4*y - 50. Give i(